 second derivative of -x**3/2 - x**2/2 + 2*x. Give r(l).
8
Suppose 0 = -3*z + 3*p - 18, -z + 3 = 5*p - 3*p. Let b(r) = -r**3 - 4*r**2 - 3*r + 4. Determine b(z).
4
Suppose 10 = -2*x, -l - 2*x = -3*l + 8. Let k(n) = -15*n**2 - 1. Give k(l).
-16
Let j(k) = k**2 - 8*k + 6. Suppose 0 = -7*s + 8*s - 5. What is j(s)?
-9
Let z(t) = t**3 + 5*t**2 + 5*t + 4. Suppose 2 = 2*c + 10. Let b be z(c). Let u(h) = -h**2 + 3*h - 2 + h + 3*h + b*h. Determine u(6).
4
Let z(w) be the first derivative of -w**3/3 + 5*w**2 - 6*w + 49. Determine z(7).
15
Let a be -1 + (143/12)/11. Let g(s) be the second derivative of a*s**4 + s + 3/2*s**2 + 1/6*s**3 + 0. Determine g(0).
3
Suppose -5*m + m = 0. Let j(q) = m*q - 6*q + 2 + q**2 - q. What is j(5)?
-8
Let i(s) be the third derivative of -s**5/60 - s**4/4 - 7*s**3/6 - 5*s**2 + 3*s. Give i(-5).
-2
Let u = 8 - 13. Let h(g) = -g**2 - 4*g + 2. Give h(u).
-3
Let v be 50/4*56/35. Let q = -14 + v. Let n(t) = t**2 - 7*t + 8. Determine n(q).
2
Let l be (3/(-5))/((-2)/10). Let p(i) = -2 + 4*i - l*i - 2 - 5. Suppose -5*m = 5*o - 15, -2*m + 4*o + 2 = -10. Give p(m).
-5
Let j(b) = -2*b**2 + b**3 - 2 - 3*b**2 - 2 - 5*b. Let c(g) = 2*g**2 - 58*g - 54. Let r be c(30). Calculate j(r).
2
Let o(j) be the third derivative of j**4/24 - j**3/2 - 21*j**2. What is o(6)?
3
Let x(b) = -b**3 + 7*b**2. Let o be x(7). Suppose -4*t - 6 = -5*f, -3*f + 2 = -6*t + 2*t. Let n be 0 + o/t + 0. Let w(p) = p + 2. Give w(n).
2
Let o(b) be the first derivative of -b**3/3 + 4*b**2 + 5*b - 1. Let t be o(8). Let h(g) = g**2 - 5*g - 6. Calculate h(t).
-6
Let w(c) be the second derivative of -c**4/24 - c**3/6 - c**2/2 - c. Let m(z) be the first derivative of w(z). Let u = 12 - 7. Determine m(u).
-6
Let z(g) = g**2 - 2. Let f(d) = -2*d. Let u(i) = i**3 + 8*i**2 + 6*i - 8. Let o be u(-7). Let q be f(o). Let k = q - 5. Calculate z(k).
7
Suppose -k = -2*y + 1, 0 = 5*k + 5*y - 6 - 4. Suppose -2*a = -5*c - 4, -c - c + a = k. Let l(d) = -d**3 - d**2 - 2*d + 1. Give l(c).
9
Let h(d) = 4*d. Suppose 3*k - 8 = k. Give h(k).
16
Let s(g) = g**2 - 3*g - 4. Let c(n) = n - 1. Suppose 0*y + 4*y = 20. Let i be c(y). What is s(i)?
0
Let u(m) be the second derivative of m**4/12 - m**3/3 - m**2/2 - 4*m. Let c(l) = -l**2 + l. Let h be c(-1). Determine u(h).
7
Let v be -1 - 7/((-21)/6). Let k(u) = -u + 2. Determine k(v).
1
Let j(h) = -h + 14. Let c(u) = -u + 7. Let a(y) = 5*c(y) - 2*j(y). Give a(6).
-11
Let l(c) = -2 - 8*c + 24*c - 10*c - 9*c. Calculate l(3).
-11
Let q(o) = o**2 - 5*o + 7. Let y be (-5)/(10/6)*1. Let j be (y/2)/((-3)/8). Suppose -3*a + v = 6 - 26, -25 = -a + j*v. Determine q(a).
7
Let n(u) = -u. Let c(z) = z**2 - z + 8. Let g(l) = -c(l) - 6*n(l). Calculate g(7).
-8
Let q = 0 + 3. Suppose -5*l + a + q*a = -7, 4*l - 8 = 2*a. Let j(v) be the first derivative of -v**4/4 + v**3/3 + 3*v**2/2 + 2*v + 3. Calculate j(l).
-7
Let z(x) = -5*x**2 - 17. Let p(h) = 3*h**2 + h + 9. Let i(k) = 7*p(k) + 4*z(k). Give i(-6).
-11
Let c = 35 - 34. Let z(x) = -2*x - 3*x**3 + 1 + 0 + x**3 - 6*x**3. Give z(c).
-9
Let z(i) be the third derivative of i**6/120 - i**5/10 + 7*i**4/24 - i**3/2 + i**2. Let n = 14 + -9. Calculate z(n).
7
Suppose -2*m + 7*m = -30. Let c be 32/m*(-9)/6. Suppose p = -3*p - c. Let x(n) = -n**2 - 2*n. Give x(p).
0
Let n(r) = 14*r**3 - 9*r**2 + 14*r + 14. Let q(k) = 5*k**3 - 3*k**2 + 5*k + 5. Let v(u) = 4*n(u) - 11*q(u). What is v(2)?
-1
Suppose 5*i = -5*k + 15, -i = -4*k + i. Let x = 3 + k. Let m(w) = 2*w**2 - 6*w. Give m(x).
8
Let o(y) = -2*y + 36. Let a be o(16). Let f(g) = -4*g - 2. What is f(a)?
-18
Let z = 3 + -2. Let r = 3 - z. Let n(h) = -9 + r + 4 - 3*h. Give n(-2).
3
Let c(d) = -1 - 5*d + 2 + d**2 - 2. Let x be -3 - (9 + -1) - -2. Let m be x/6*10/(-3). Determine c(m).
-1
Let c(b) be the third derivative of b**3/6 + b**2. Let o = -3 + 2. Let t(v) = 2*v + 1. Let i(q) = o*c(q) + t(q). Give i(3).
6
Let k(g) = -g + 1. Let j(w) = w**3 + w**2 + w + 1. Let d be j(0). Let c(p) = 7*p - 1. Let z(q) = d*c(q) + 6*k(q). Determine z(-6).
-1
Let g(k) = k**3 + 4*k**2 - 6*k. Suppose 7*j - 3*o = 2*j + 62, 5*o + 50 = 3*j. Let l = -5 + j. Suppose 15 = l*t - 8*t. Give g(t).
5
Suppose 3*u - 2*k = -2 + 1, u + k + 7 = 0. Let v be (3*u)/(3/(-2)). Suppose -5*h - 5*d = -29 - v, 0 = 3*h - 5*d + 11. Let x(n) = -n + 3. Calculate x(h).
0
Let q(v) = -5*v + 13 + v**2 - 8 - 4. Suppose -8 = -r + 2. Suppose -2*m - r = -4*m. Give q(m).
1
Let g(v) = 5*v + 2. Let c(z) = z - 1. Let m(a) = -15*a + 3. Let x(f) = -6*c(f) - m(f). Let o(w) = 7*g(w) - 4*x(w). Give o(4).
-2
Let z = 7 + -5. Let n(k) = k**2 + k - 1. Let c be n(2). Let v(u) = c + 3*u - 3 + 1 + u**z. Calculate v(-3).
3
Let b(v) be the third derivative of -1/24*v**4 - 1/120*v**6 + 0 + 1/60*v**5 + 1/6*v**3 + 2*v**2 + 0*v. Determine b(0).
1
Let a(n) be the second derivative of -n**5/20 + n**4/2 + n**3/2 - 3*n**2/2 + 18*n. Give a(6).
15
Let u(w) = -w**3 + 3*w - 1. Let c be (-2)/(-4) + 3/2. Let l be u(c). Let x(b) be the second derivative of b**4/12 + b**3/2 - 3*b**2/2 - 4*b. Determine x(l).
-3
Let i(m) = m**2 - 7*m + 1. Suppose 5*g - 3*a + 41 = 0, -4*g + 8*a - 36 = 4*a. Suppose -2*s = z + 2*z - 33, -3*z + 5*s + 54 = 0. Let y = z + g. Calculate i(y).
-5
Let n(i) = -i**3 - 5*i**2 + 6*i + 3. Let u be n(-6). Let c(a) = -2*a**2 + a**2 + u*a + 3 - 4*a + 2*a. What is c(0)?
3
Let f = 3 - 1. Suppose 3*i + 8 = 4*p + 4, f*i + 5 = 5*p. Let u(z) = -2*z**2 + 2*z - 1. Calculate u(p).
-1
Let y(d) be the third derivative of -d**5/60 + d**4/24 + d**2. Suppose -4*c + 7 = 3. What is y(c)?
0
Suppose -5*j - 2*m + 11 = -9, j - 27 = -5*m. Let o(s) = -3*s**3 + 3*s**2. What is o(j)?
-12
Let w(r) = -r**3 - 3*r**2 + 6*r + 2. Suppose -5*u - 2 = -2*d, -4*d - 7 - 1 = -4*u. Determine w(d).
-6
Let z(c) = c**2 - 4*c - 2. Let o(d) = -30 - 7*d + d + 2*d + 14 + d**2. Let l be o(7). What is z(l)?
3
Let n(z) be the second derivative of -z**3/6 + 3*z**2 - 5*z. Suppose 4*j - 4*k = 24, j - 30 = -4*j - 5*k. Give n(j).
0
Let t(m) be the second derivative of m**5/20 - m**4/12 - m**3/3 + m**2/2 + 14*m. Give t(-2).
-7
Let w(l) = 10*l - 10. Let q(b) = -7*b + 7. Let g(a) = 7*q(a) + 5*w(a). What is g(-3)?
-4
Let z(s) be the first derivative of s**2/2 - 5*s + 27. What is z(5)?
0
Let z be (-2 + 2)/(-1 + 3). Suppose z = -0*v + 2*v. Suppose v = -2*w - 4 - 0. Let f(i) = -i**2 - 2*i + 1. Give f(w).
1
Let v(g) = 6*g**3 - 1. Let n be 4/(32/18 + -2). Let o be (-27)/n*(-2)/(-3). Give v(o).
5
Let t(b) be the second derivative of -b**5/20 - b**4/4 + b**3/6 + b**2 - 2*b. Determine t(-3).
-1
Let o(m) = m**3 + 4*m**2 - 5*m + 4. Let l(i) = i**3 - 3*i**2 + 2*i + 2. Let k be l(2). Suppose -4*d + 0*d = -20. Suppose k*f - 3*f = d. Calculate o(f).
4
Let j(x) be the first derivative of -x**3/3 + 5*x**2/2 - 5*x - 11. Let a(r) = r + 5. Let p be a(0). Calculate j(p).
-5
Let j(v) = v**2 + 3*v - 2. Let m be (-3)/(-1 - (-2 + 0)). Give j(m).
-2
Let f be (14/(-4) + 2)*2. Let q(h) = h**2 + 3*h + 3. Let p be q(f). Suppose 0*n = n - p. Let u(v) = v**3 - v**2 - 4*v + 2. What is u(n)?
8
Let h(y) = y**3 - y**2 + y - 1. Suppose l - 6*l = -20. Suppose -l*z + 3 + 1 = 0. Give h(z).
0
Let h = -97 + 104. Let s(r) = -2*r + 9. Determine s(h).
-5
Let s(v) be the first derivative of -v**3/3 + 5*v**2/2 + 4*v + 21. Let a = 16 - 11. What is s(a)?
4
Let l(g) = -5*g**2 + g. Let n = -15 - -8. Let j = 5 + n. Let z be (1 - j)*1/3. Determine l(z).
-4
Let i(q) = -1. Let b(f) = 4*f**2 + f + 2. Let a(c) = b(c) + 3*i(c). Suppose -4*w = -0*w - 4. Determine a(w).
4
Let w(i) = 3*i + 3*i - 1 + 0 + 3. Calculate w(-2).
-10
Let h(o) = 6*o**3 + 9*o**2 + 7*o + 2. Let n(j) = 5*j**3 + 8*j**2 + 6*j + 2. Let l(x) = -4*h(x) + 5*n(x). Let i be ((-8)/6)/(5/15). Determine l(i).
-6
Let f(a) = 24 - 12 - 4 + a - 10. Give f(5).
3
Let d(p) be the first derivative of -p**5/20 - p**4/4 + 2*p**3/3 + p**2/2 - 3*p + 3. Let o(h) be the first derivative of d(h). Determine o(-4).
1
Let v(g) = g**3 + 3*g**2 - 2*g + 2. Suppose 0 = -4*d - d + 60. Suppose d = 2*w + 2. Let o be (-20)/6 + w/15. Give v(o).
8
Let z(n) be the third derivative of -n**8/2520 - n**7/5040 + n**5/60 - n**2. Let d(v) be the third derivative of z(v). Let l be (9 + -6)*-1*(-2)/6. Give d(l).
-9
Let j(n) = -5*n - 3. Let a(l) = -6*l - 4. Let g(q) = -4*a(q) + 5*j(q). Determine g(-4).
5
Let s(b) = -b**2 + 3. Let n = 5 - 1. Suppo